{"id":402,"date":"2020-02-22T07:59:23","date_gmt":"2020-02-22T07:59:23","guid":{"rendered":"http:\/\/forner-unterschneidheim.de\/?page_id=402"},"modified":"2020-02-22T09:37:03","modified_gmt":"2020-02-22T09:37:03","slug":"unfall-was-nun","status":"publish","type":"page","link":"https:\/\/forner-unterschneidheim.de\/?page_id=402","title":{"rendered":"Unfall- Was nun?"},"content":{"rendered":"<p><span style=\"color: #000080;\"><em>Auto Forner empfiehlt:<\/em> <\/span><\/p>\n<p>Verhalten an der Unfallstelle<\/p>\n<p><img loading=\"lazy\" decoding=\"async\" class=\"alignnone size-medium wp-image-406\" src=\"http:\/\/forner-unterschneidheim.de\/wp-content\/uploads\/2020\/02\/unfall-300x188.png\" alt=\"\" width=\"300\" height=\"188\" srcset=\"https:\/\/forner-unterschneidheim.de\/wp-content\/uploads\/2020\/02\/unfall-300x188.png 300w, https:\/\/forner-unterschneidheim.de\/wp-content\/uploads\/2020\/02\/unfall-768x481.png 768w, https:\/\/forner-unterschneidheim.de\/wp-content\/uploads\/2020\/02\/unfall.png 960w\" sizes=\"auto, (max-width: 300px) 100vw, 300px\" \/><\/p>\n<p>\u25cf Sichern Sie sofort die Unfallstelle ab.<\/p>\n<p>\u25cf Schalten Sie die Warnblinkanlage ein, stellen Sie das Warndreieckauf.<\/p>\n<p>\u25cf Leisten Sie Erste Hilfe! Notfalls Rettungsdienst anfordern. Einheitliche<\/p>\n<p>Notruf-Nr.:110 Feuerwehr:112<\/p>\n<p>\u25cf Verlassen Sie auf keinen Fall den Unfallort.<\/p>\n<p>\u25cf Bem\u00fchen Sie sich um Aussagen von Unfallzeugen.<\/p>\n<p>\u25cf Fotografieren Sie nach M\u00f6glichkeit die Unfallszene.<\/p>\n<p>\u25cf F\u00fchren Sie eine Unfallaufnahme durch (sieheR\u00fcckseite).<\/p>\n<p>\u25cf Unterst\u00fctzen Sie die Polizei bei der Protokollerstellung.<\/p>\n<p>\u25cf Unterschreiben Sie kein Schuldanerkenntnis. Schildern Sie allenfalls die Gegebenheit so, wie Sie sie wahrgenommen haben<\/p>\n<p>\u25cf Wenn Ihr Fahrzeug nicht mehr fahrbereit ist, z\u00f6gern Sie nicht uns auf <span style=\"color: #ff0000;\">unserer Notfallrufnummer<\/span> <span style=\"color: #ff0000;\">0171\/6453364<\/span> anzurufen<\/p>\n<p><span style=\"color: #000000;\">Schadenfeststellung<\/span><\/p>\n<p>\u25cf Sie waren nicht schuld!<\/p>\n<p>Beauftragen Sie einen freien Sachverst\u00e4ndigen zur Beweissicherung und zur Feststellung von Schadenumfang, Schadenh\u00f6he, Wertminderung, Restwert, Wiederbeschaffungswert und voraussichtlicher Reparatur-und Wiederbeschaffungsdauer.<br \/>\nNutzen Sie als Gesch\u00e4digter dieses Recht\u2013 ansonsten geraten Sie leicht in\u00a0 Beweisnot. Z\u00f6gern Sie ebenfalls nicht Rechtsbeistand mit ins Boot zu holen. Dies tr\u00e4gt zu einer reibungslosen Abwickelung mit der gegenerischen Versicherung erheblich bei.<\/p>\n<p>\u25cf Sie waren Schuld!<\/p>\n<p>Setzen Sie sich in jeden Fall mit Ihrer Kaskoversicherung in Verbindung.<br \/>\nAuch hier ist ein freies Schadengutachten zweckm\u00e4\u00dfig.Sprechen Sie mit Ihrer Versicherung \u00fcber einen neutralen Gutachter.<\/p>\n<p>Sie k\u00f6nnen uns gerne vorab Informationen zum Schadenfall nennen. Nutzen Sie hierzu das foldgende Formular:<\/p>\n<div style=\"display:none\" class=\"fm-form-container fm-theme1\"><div id=\"fm-pages9\" class=\"fm-pages wdform_page_navigation \" show_title=\"\" show_numbers=\"1\" type=\"none\"><\/div><form name=\"form9\" action=\"\/index.php?rest_route=%2Fwp%2Fv2%2Fpages%2F402\" method=\"post\" id=\"form9\" class=\"fm-form form9  \" enctype=\"multipart\/form-data\"><input type=\"hidden\" id=\"fm_page_id9\" value=\"402\" name=\"fm_page_id9\" \/><input type=\"hidden\" id=\"fm_current_post_type9\" value=\"page\" name=\"fm_current_post_type9\" \/><input type=\"hidden\" id=\"counter9\" value=\"11\" name=\"counter9\" \/><input type=\"hidden\" id=\"Itemid9\" value=\"\" name=\"Itemid9\" \/><input type=\"hidden\" id=\"fm_shake9\" value=\"1\" name=\"fm_shake9\" \/><input type=\"text\" class=\"fm-hide\" id=\"fm_empty_field_validation9\" value=\"\" name=\"fm_empty_field_validation9\" data-value=\"bd736efb144d599cf463541431fbf5c4\" \/><div class=\"wdform-page-and-images fm-form-builder\"><div id=\"9form_view1\" class=\"wdform_page\" page_title=\"Untitled page\" next_title=\"Next\" next_type=\"text\" next_class=\"wdform-page-button\" next_checkable=\"true\" previous_title=\"Previous\" previous_type=\"text\" previous_class=\"wdform-page-button\" previous_checkable=\"false\"><div class=\"wdform_section\"><div class=\"wdform_column\"><div wdid=\"2\" class=\"wdform_row\"><div type=\"type_text\" class=\"wdform-field wd-width-100 wd-flex wd-flex-column fm-type_text\" ><div class=\"wdform-label-section wd-width-100  wd-flex-row wd-align-items-center\">    <label  for=\"wdform_2_element9\" class=\"wdform-label\">Vor- und Nachname sowie Anschrift<\/label><span class=\"wdform-required\">*<\/span><\/div><div class=\"wdform-element-section wd-flex  wd-flex-row wd-align-items-center wd-width-100\" ><input type=\"text\"                           class=\"wd-width-100\"                           id=\"wdform_2_element9\"                           name=\"wdform_2_element9\"                           value=\"\"                           data-value=\"\"                           title=\"\"                           placeholder=\"\"                                                       \/><\/div><\/div><\/div><\/div><div class=\"wdform_column\"><div wdid=\"6\" class=\"wdform_row\" style=\"position: relative; left: 0px; top: 0px;\"><div type=\"type_text\" class=\"wdform-field wd-width-100 wd-flex wd-flex-column fm-type_text\" ><div class=\"wdform-label-section wd-width-100  wd-flex-row wd-align-items-center\">    <label  for=\"wdform_6_element9\" class=\"wdform-label\">amtl. Kennzeichen und Fahrzeugtyp<\/label><span class=\"wdform-required\">*<\/span><\/div><div class=\"wdform-element-section wd-flex  wd-flex-row wd-align-items-center wd-width-100\" ><input type=\"text\"                           class=\"wd-width-100\"                           id=\"wdform_6_element9\"                           name=\"wdform_6_element9\"                           value=\"\"                           data-value=\"\"                           title=\"\"                           placeholder=\"\"                                                       \/><\/div><\/div><\/div><\/div><div class=\"wdform_column\"><div wdid=\"4\" class=\"wdform_row\"><div type=\"type_date_new\" class=\"wdform-field wd-width-100 wd-flex wd-flex-column fm-type_date_new\" ><div class=\"wdform-label-section wd-width-100  wd-flex-row\">    <label  for=\"wdform_4_element9\" class=\"wdform-label\">Schadentag<\/label><span class=\"wdform-required\">*<\/span><\/div><div class=\"wdform-element-section wd-flex  wd-flex-row wd-width-100\" ><input class=\"wd-width-100\" autocomplete=\"off\" onchange=\"wd_validate(this)\" data-form-id=\"9\" data-wdid=\"4\" data-valid-type=\"date\" type=\"text\" id=\"wdform_4_element9\" data-value=\"\" value=\"\" name=\"wdform_4_element9\"   \/><span id=\"fm-calendar-4\" class=\"dashicons dashicons-calendar-alt wd-calendar-button wd-hidden\"><\/span><input type=\"hidden\" class=\"hidden_date\" data-format=\"mm\/dd\/yy\" data-min=\"\" data-max=\"\" id=\"wdform_4_button9\" value=\"\" \/><\/div><\/div><\/div><\/div><div class=\"wdform_column\"><div wdid=\"5\" class=\"wdform_row\"><div type=\"type_textarea\" class=\"wdform-field wd-width-100 wd-flex wd-flex-column fm-type_textarea\" ><div class=\"wdform-label-section wd-width-100 \">    <label  for=\"wdform_5_element9\" class=\"wdform-label\">Unfallhergang<\/label><span class=\"wdform-required\">*<\/span><\/div><div class=\"wdform-element-section wd-flex  wd-width-100\" ><textarea class=\"wd-width-100\"                      id=\"wdform_5_element9\"                      name=\"wdform_5_element9\"                      placeholder=\"\"                      data-value=\"\"                      maxlength=\"\"                      style=\"height: 100px;\"                      ><\/textarea><\/div><\/div><\/div><\/div><div class=\"wdform_column\"><div wdid=\"8\" class=\"wdform_row\"><div type=\"type_radio\" class=\"wdform-field wd-width-100 wd-flex wd-flex-column fm-type_radio\" ><div class=\"wdform-label-section wd-width-100  wd-flex-wrap wd-flex-column\">    <label  class=\"wdform-label\">Schadentyp<\/label><span class=\"wdform-required\">*<\/span><\/div><div class=\"wdform-element-section wd-flex  wd-flex-wrap wd-flex-column wd-width-100\" ><div class=\"wd-flex wd-flex-column\"><input type=\"hidden\" name=\"wdform_8_element9\" value=\"\" \/><div class=\"radio-div wd-choice wd-flex wd-flex-row\"><input type=\"radio\"  id=\"wdform_8_element90\" name=\"wdform_8_element9\" value=\"Kaskoschaden (Eigenverschulden)\" onclick=\"set_default(&quot;wdform_8&quot;,&quot;0&quot;,&quot;9&quot;); \"   \/><label class=\"wd-align-items-center wd-flex wd-flex-row\" for=\"wdform_8_element90\"><span><\/span>Kaskoschaden (Eigenverschulden)<\/label><\/div><div class=\"radio-div wd-choice wd-flex wd-flex-row\"><input type=\"radio\"  id=\"wdform_8_element91\" name=\"wdform_8_element9\" value=\"Haftpflichtschaden (Fremdverschulden)\" onclick=\"set_default(&quot;wdform_8&quot;,&quot;1&quot;,&quot;9&quot;); \" checked=\"checked\"  \/><label class=\"wd-align-items-center wd-flex wd-flex-row\" for=\"wdform_8_element91\"><span><\/span>Haftpflichtschaden (Fremdverschulden)<\/label><\/div><\/div><\/div><\/div><\/div><\/div><div class=\"wdform_column\"><div wdid=\"9\" class=\"wdform_row\"><div type=\"type_text\" class=\"wdform-field wd-width-100 wd-flex wd-flex-column fm-type_text\" ><div class=\"wdform-label-section wd-width-100  wd-flex-row wd-align-items-center\">    <label  for=\"wdform_9_element9\" class=\"wdform-label\">zust\u00e4ndige Versicherung mit Versicherungs- oder Schadennummer<\/label><span class=\"wdform-required\">*<\/span><\/div><div class=\"wdform-element-section wd-flex  wd-flex-row wd-align-items-center wd-width-100\" ><input type=\"text\"                           class=\"wd-width-100\"                           id=\"wdform_9_element9\"                           name=\"wdform_9_element9\"                           value=\"\"                           data-value=\"\"                           title=\"\"                           placeholder=\"\"                                                       \/><\/div><\/div><\/div><\/div><div class=\"wdform_column\"><div wdid=\"10\" class=\"wdform_row\"><div type=\"type_radio\" class=\"wdform-field wd-width-100 wd-flex wd-flex-column fm-type_radio\" ><div class=\"wdform-label-section wd-width-100  wd-flex-wrap wd-flex-column\">    <label  class=\"wdform-label\">Datenschutz<\/label><span class=\"wdform-required\">*<\/span><\/div><div class=\"wdform-element-section wd-flex  wd-flex-wrap wd-flex-column wd-width-100\" ><div class=\"wd-flex wd-flex-column\"><input type=\"hidden\" name=\"wdform_10_element9\" value=\"\" \/><div class=\"radio-div wd-choice wd-flex wd-flex-row\"><input type=\"radio\"  id=\"wdform_10_element90\" name=\"wdform_10_element9\" value=\"Ich habe den oben genannten Hinweis und die Datenschutzerkl\u00e4rung zur Kenntnis genommen und bin mit Ihrer Geltung einverstanden.  Sie k\u00f6nnen Ihre Einwilligung jederzeit mit Wirkung f\u00fcr die Zukunft widerrufen.\" onclick=\"set_default(&quot;wdform_10&quot;,&quot;0&quot;,&quot;9&quot;); \"   \/><label class=\"wd-align-items-center wd-flex wd-flex-row\" for=\"wdform_10_element90\"><span><\/span>Ich habe den oben genannten Hinweis und die Datenschutzerkl\u00e4rung zur Kenntnis genommen und bin mit Ihrer Geltung einverstanden.  Sie k\u00f6nnen Ihre Einwilligung jederzeit mit Wirkung f\u00fcr die Zukunft widerrufen.<\/label><\/div><\/div><\/div><\/div><\/div><\/div><div class=\"wdform_column\"><div wdid=\"1\" class=\"wdform_row\"><div type=\"type_submit_reset\" class=\"wdform-field wd-width-100 wd-flex wd-flex-column fm-type_submit_reset\" ><div class=\"wdform-element-section wd-flex  wd-flex-row wd-justify-content-left wd-width-100\" ><button  type=\"button\" class=\"button-submit\" onclick=\"fm_submit_form('9');\"  data-ajax=\"0\"><span class=\"fm-submit-loading spinner fm-ico-spinner\"><\/span>absenden<\/button><button  type=\"button\" class=\"button-reset wd-hidden\" onclick=\"fm_reset_form(9);\" >Reset<\/button><\/div><\/div><\/div><\/div><\/div><div valign=\"top\" class=\"wdform_footer wd-width-100\"><div class=\"wd-width-100\"><div class=\"wd-width-100 wd-table\" style=\"padding-top:10px;\"><div class=\"wd-table-group\"><div id=\"9page_nav1\" class=\"wd-table-row\"><\/div><\/div><\/div><\/div><\/div><\/div><\/div><div class=\"wdform_preload\"><\/div><input type=\"hidden\" name=\"fm-current-page\" value=\"https:\/\/forner-unterschneidheim.de\/index.php?rest_route=%2Fwp%2Fv2%2Fpages%2F402\" \/><\/form><\/div>\n<p>&nbsp;<\/p>\n<p>Wir stehen Ihnen bei allen weiteren Fragen rund um den Unfall und den Reparaturverlauf selbstverst\u00e4ndlich gerne zur Verf\u00fcgung.<\/p>\n<p>&nbsp;<\/p>\n<p><img loading=\"lazy\" decoding=\"async\" class=\"wp-image-404 aligncenter\" src=\"http:\/\/forner-unterschneidheim.de\/wp-content\/uploads\/2020\/02\/thumbs-up-2056022_960_720-300x188.png\" alt=\"\" width=\"970\" height=\"608\" srcset=\"https:\/\/forner-unterschneidheim.de\/wp-content\/uploads\/2020\/02\/thumbs-up-2056022_960_720-300x188.png 300w, https:\/\/forner-unterschneidheim.de\/wp-content\/uploads\/2020\/02\/thumbs-up-2056022_960_720-768x481.png 768w, https:\/\/forner-unterschneidheim.de\/wp-content\/uploads\/2020\/02\/thumbs-up-2056022_960_720.png 960w\" sizes=\"auto, (max-width: 970px) 100vw, 970px\" \/><\/p>\n","protected":false},"excerpt":{"rendered":"<p>Auto Forner empfiehlt: Verhalten an der Unfallstelle \u25cf Sichern Sie sofort die Unfallstelle ab. \u25cf Schalten Sie die Warnblinkanlage ein, stellen Sie das Warndreieckauf. \u25cf Leisten Sie Erste Hilfe! Notfalls Rettungsdienst anfordern. Einheitliche Notruf-Nr.:110 Feuerwehr:112 \u25cf Verlassen Sie auf keinen Fall den Unfallort. \u25cf Bem\u00fchen Sie sich um Aussagen von Unfallzeugen. \u25cf Fotografieren Sie nach &hellip; <\/p>\n<p class=\"link-more\"><a href=\"https:\/\/forner-unterschneidheim.de\/?page_id=402\" class=\"more-link\">Continue reading<span class=\"screen-reader-text\"> &#8222;Unfall- Was nun?&#8220;<\/span><\/a><\/p>\n","protected":false},"author":1,"featured_media":0,"parent":38,"menu_order":0,"comment_status":"closed","ping_status":"closed","template":"","meta":{"footnotes":""},"class_list":["post-402","page","type-page","status-publish","hentry"],"_links":{"self":[{"href":"https:\/\/forner-unterschneidheim.de\/index.php?rest_route=\/wp\/v2\/pages\/402","targetHints":{"allow":["GET"]}}],"collection":[{"href":"https:\/\/forner-unterschneidheim.de\/index.php?rest_route=\/wp\/v2\/pages"}],"about":[{"href":"https:\/\/forner-unterschneidheim.de\/index.php?rest_route=\/wp\/v2\/types\/page"}],"author":[{"embeddable":true,"href":"https:\/\/forner-unterschneidheim.de\/index.php?rest_route=\/wp\/v2\/users\/1"}],"replies":[{"embeddable":true,"href":"https:\/\/forner-unterschneidheim.de\/index.php?rest_route=%2Fwp%2Fv2%2Fcomments&post=402"}],"version-history":[{"count":6,"href":"https:\/\/forner-unterschneidheim.de\/index.php?rest_route=\/wp\/v2\/pages\/402\/revisions"}],"predecessor-version":[{"id":419,"href":"https:\/\/forner-unterschneidheim.de\/index.php?rest_route=\/wp\/v2\/pages\/402\/revisions\/419"}],"up":[{"embeddable":true,"href":"https:\/\/forner-unterschneidheim.de\/index.php?rest_route=\/wp\/v2\/pages\/38"}],"wp:attachment":[{"href":"https:\/\/forner-unterschneidheim.de\/index.php?rest_route=%2Fwp%2Fv2%2Fmedia&parent=402"}],"curies":[{"name":"wp","href":"https:\/\/api.w.org\/{rel}","templated":true}]}}